
-2
Let z(y) be the second derivative of y**4/4 - 10*y**3/3 - 52*y**2 + 3*y + 48. What is z(10)?
-4
Let p be (365/(-30) - -12)*(-126)/(1 + 2). Let k(z) = z**2 - 10*z + 63 - 63. Give k(p).
-21
Let o(r) = 11*r**3 - r**2 + 3*r + 1. Let g be (1 - (-1 + 1))/((660/24)/(-55)). Give o(g).
-97
Let m(s) = 7*s - 46927*s**3 - 3 + 24 + 46926*s**3 + 4 + 9*s**2. Give m(10).
-5
Suppose 4*f = 4*c - 8, 5*f - 33 + 3 = -5*c. Suppose -22 = -f*l + 180. Let b = 92 - l. Let h(j) = j**3 + 8*j**2 - 9*j + 1. What is h(b)?
1
Let o(t) = -t**3 - 23*t**2 - 20*t + 52. Let d be o(-22). Let n = -11 + d. Let l(f) = -f**2 + 4*f + 3. Determine l(n).
-18
Let p(c) = c**3 - 6*c**2 - c. Let f = 119 + -126. Let k be f/(-5)*(-24)/(-28)*5. Determine p(k).
-6
Suppose -h - 2*f + 3 = 0, 0 = 9*h - 10*h - 5*f + 12. Let a = -30 + 32. Let l(k) = a*k + k + 1 + 0*k - 5. Give l(h).
-13
Let r = -2297 + 2305. Let f(z) = z**3 - 3*z**2 - 39*z + 4. What is f(r)?
12
Let r = -10749 - -10754. Let g(d) = 10*d - 21. Give g(r).
29
Suppose 9*h - 91 = -1. Suppose 0 = h*t - 16*t + 36. Let r(s) = s**3 - 4*s**2 + 5*s + 0*s**2 - t*s**2 + 4*s**2 - 4. Calculate r(5).
-4
Let y(o) = o - 7. Let p be y(11). Let i(m) = -m - m**2 - p*m**2 + m**2 + 2*m**3 - 1 + 0. Give i(3).
14
Let z(a) = a**2 + 4*a + 6. Suppose 0*q - 3*q - 1077 = 4*u, 2*u - 1059 = 3*q. Let r = q - -347. Calculate z(r).
38
Suppose 0 = 2*t + t - 48. Suppose -2*w + 6*w + 31 = -b, -3*b - t = w. Let x be w + 0 + 4 - -9. Let v(l) = -l**2 + 7*l + 4. Give v(x).
10
Let a(v) = 53*v**2 + 17*v + 117. Let s(j) = -38*j**2 - 11*j - 78. Let k(f) = 5*a(f) + 7*s(f). What is k(12)?
-9
Let w(q) = -q**3 + 5*q**2 + 4*q - 10. Let l be w(3). Let c(p) = p - 25. Let x be c(l). Let r(k) = k**2 + 7*k + 4. Calculate r(x).
-6
Let k(w) be the second derivative of -w**4/12 + w**3/3 + 2*w**2 + 8*w. Suppose 16*p = 13*p + 15. Determine k(p).
-11
Let q(a) = 86*a**2 - 14*a - 16. Let k(d) = -3*d - 3. Let x(p) = 5*k(p) - q(p). Determine x(-1).
-84
Let i(k) be the third derivative of 4/3*k**3 + 1/12*k**4 - 271*k**2 + 0 + 0*k. Determine i(-7).
-6
Let l(i) = 4*i + 5. Let x = -231 + 228. Let c(s) be the first derivative of s**2 + 3*s + 11. Let n(b) = x*l(b) + 7*c(b). What is n(-7)?
-8
Suppose -49*w + 3 = -48*w. Suppose 232 = w*j + 211. Let z(b) = b**2 - 7*b + 8. Determine z(j).
8
Let u(i) be the third derivative of -i**5/60 + 7*i**3/6 + 23*i**2 - 35*i. Suppose 0 = 5*v - 3 + 18. Calculate u(v).
-2
Let b(j) = -j**3 + 11*j**2 + 49*j - 102. Let y(s) = -s**3 + 11*s**2 + 48*s - 89. Let x(a) = 4*b(a) - 5*y(a). Give x(14).
9
Let y(u) = -10*u**2 - 2*u + 1. Let l(t) = -45*t**2 - 9*t - 2. Let a(o) = -l(o) + 2*y(o). Give a(-1).
24
Let u = 16 - 6. Let i = u + -6. Let q(t) = -i + 5 + 0 - 6*t + 2. Calculate q(2).
-9
Let c(z) = -39*z - 1. Let d(h) = 103*h + 96. Let t(y) = -3*c(y) - d(y). What is t(5)?
-23
Suppose -52*k + 35 = -485. Let w(v) = -v**3 + 10*v**2 - 6*v + 61. What is w(k)?
1
Let f(q) = -6*q**3 - 4*q**2 - 5*q - 3. Let w be (-9 + 10 - (-5 - -5))/(-1). What is f(w)?
4
Let a(h) = -449 - 6*h + 0*h + 456. Let b(x) = x - 2. Let m(o) = -a(o) - 3*b(o). Determine m(3).
8
Let o(x) = x**3 + 12*x**2 + 4*x - 5. Let t(i) be the second derivative of 48*i + 0*i**3 + 1/12*i**4 - 1/2*i**2 + 0. Let u(y) = o(y) - 3*t(y). Give u(-8).
30
Let o = -362 - -357. Let w(v) = -2*v**3 - 29*v**2 + v - 32. Let p(i) = i**3 + 15*i**2 - i + 16. Let x(d) = o*p(d) - 3*w(d). Give x(-12).
-8
Let s = -12358 + 12359. Let d(m) = -16*m**3 + 3*m**2 - 4*m + 2. Determine d(s).
-15
Let a(x) = 8*x**2 + x - 2. Let c be a(1). Suppose 3*r + 0*g = -5*g + c, -2*g = 3*r - 19. Let s(i) = -i**3 + 10*i**2 - 10*i + 6. Calculate s(r).
-3
Let m(w) be the first derivative of -1/6*w**3 + 9 + 1/12*w**4 + 7/60*w**5 - 3/2*w**2 - 8*w. Let t(k) be the second derivative of m(k). Give t(1).
8
Let j(d) = d**3 - 2*d**2 + d. Let f(z) = 449*z - 115*z - 110*z - 108*z - 113*z + 49. Let u be (2*2)/((-2)/8). Let x be f(u). What is j(x)?
0
Let u(v) = -2*v**2 + 14*v + 7. Suppose 4*y - 52 = 4*f, -7*f - 29 = 2*y - 1. Determine u(y).
7
Let f(b) = 5*b + 2. Suppose 0 = 5*n + 10, -91*n + 14 = 2*h - 95*n. Determine f(h).
17
Let i be ((-1)/(-1) + -2)*(-1 - 2). Suppose 4*r = -5*o + 6, -i = o + 6*r - r. Let z(f) = -3*f + 18 - 8 - 9. Calculate z(o).
-5
Let r(h) be the third derivative of -h**6/180 + h**5/6 + 3*h**4/8 + h**3/6 - 75*h**2. Let i(c) be the second derivative of r(c). Determine i(5).
0
Let z = -301 + 111. Let a be (-3)/4 - z/40. Let g(d) = -d - 3. Determine g(a).
-7
Suppose -3*g - 2*z + 7*z + 514 = 0, -170 = -g + 2*z. Let x = g + -178. Let c(p) = -p**3 - p**2 + p + 7. Give c(x).
7
Let n(h) = 32*h + 251. Let c be n(-8). Let z(f) = 5*f**2 - 33*f. Let p(j) = 6*j**2 - 40*j - 1. Let o(s) = c*z(s) + 4*p(s). Calculate o(4).
0
Suppose 2*v = -2*j - 606, 2*v = j + v + 313. Let k = 303 + j. Let h(g) = -2*g + g**2 - 1 + 2 + 7*g. What is h(k)?
1
Let g(l) be the third derivative of -l**5/30 - 11*l**4/12 + 2*l**3/3 + 1640*l**2. Give g(-11).
4
Let t(h) = -h**2 - 14*h + 19. Let x be (2/5*1)/((-79)/3160). What is t(x)?
-13
Suppose -21 = 4*q - 37. Let d(z) = q + 4*z + 10 - 5*z - 19 + 9. What is d(0)?
4
Let p(d) = 5*d**3 + d**2 - 3*d - 3. Let y(u) = 8*u**3 + 2*u**2 - 7*u - 7. Let o be (30/(-20))/((-6)/20). Let b(w) = o*p(w) - 2*y(w). Calculate b(1).
8
Let b(x) = -x**2 + 8*x + 1. Let o = 21 + 83. Let w be 848/o - (-4)/(-26). Give b(w).
1
Let q(h) = -h - 8. Let g be q(-1). Let y(i) = -13*i - 11. Let m(v) = -7*v - 10. Let n(a) = 3*m(a) - 2*y(a). What is n(g)?
-43
Suppose 2*u - 59 + 53 = 0. Suppose -u = 2*z + 3*v - 2*v, 5*v - 37 = 3*z. Let t(w) be the second derivative of -w**3/2 - 3*w**2 + w. What is t(z)?
6
Let k(v) = v - 6. Let i(o) = -o**3 + 11*o**2 + 11*o + 14. Let s be i(12). Let g(w) = 2. Let m(r) = s*k(r) + 4*g(r). Determine m(5).
6
Let n(o) = o**3 - 8*o**2 + 8*o - 5. Let c(v) = v - 7. Let g be c(12). Suppose -k + 3*k - 2*q = 10, -g*k + 25 = -2*q. Suppose 30 = 5*m - k. Calculate n(m).
2
Suppose 2*v = -j + 4 + 6, 0 = 2*j + 3*v - 16. Let c(b) = -9*b**2 + j*b + 3 + 5*b**2 - b**3 + 0. Suppose 3*a = 4*k + 5, 13*k + 1 = 10*k + 5*a. Give c(k).
-9
Suppose 2*v + 3*o - 6 = 0, 9 = -v - 3*o + 12. Let t(c) = 212*c**v + 7*c + 2 + 212*c**3 - 425*c**3 + 4*c**2. Let m(l) = l + 6. Let q be m(0). Give t(q).
-28
Let v(z) be the second derivative of -z**5/20 + 5*z**4/6 - 4*z**3/3 + 13*z**2/2 - 846*z. Determine v(9).
22
Suppose -408 = 10*q - 448. Let i(m) be the first derivative of -26 - 6*m - 1/4*m**q - 2*m**3 - 2*m**2. Calculate i(-5).
-11
Let t = 12 + -16. Let m(i) = -i - 3. Let k be m(t). Let w(h) be the second derivative of -3*h**5/5 + h**4/6 - h**2/2 - 393*h. What is w(k)?
-11
Let z(x) = -5 - 5249*x - 5259*x + 10509*x - 3 + x**2. Suppose 4*o - d - 27 = 2, -o + 2*d + 16 = 0. Give z(o).
34
Let v(t) be the first derivative of t**3/3 + 2*t**2 + 7*t + 13. Let q be 6 + -4 + 2 + 14. Let b = q - 23. Determine v(b).
12
Let d(h) = -2*h**2 + 6*h + 7. Suppose -95 = 1756*r - 1775*r. Calculate d(r).
-13
Let w(b) = 6*b - 3. Let t(d) = -d**3 - 20*d**2 - 41*d - 40. Let x be t(-18). Suppose 49*h = x*h - 4. Give w(h).
21
Suppose 0 = 4*n - m + 2*m - 149, 3*m + 85 = 2*n. Let t be (-2)/(-10) - (-372)/(-10). Let f = t + n. Let x(w) = 6*w + 1. Determine x(f).
7
Let n be 3 - 221/51 - 14/3. Let p(j) = 5*j + 4. Calculate p(n).
-26
Let s(q) be the third derivative of 0*q**3 - 1/30*q**5 - 7*q**2 + 0 + 0*q + 0*q**4. Let g(t) = 2*t**2 - 17*t + 9. Let k be g(8). Calculate s(k).
-2
Suppose -13*l - 23*l = 8*l + 176. Let x(t) = t**2 - 5*t - 47. Determine x(l).
-11
Let f(v) = 323*v - 328. Let h be f(1). Let a(n) = -n**3 - 7*n**2 - 5*n. Calculate a(h).
-25
Let f(g) = 8*g + 1. Let r be 18/(0 + 1 + -2). Let i = 302 - 285. Let s = r + i. Give f(s).
-7
Let l(q) = 99*q - 100*q + 3 + 2*q**2 - 7 + 0*q**2. Calculate l(3).
11
Let h(i) = -i**2 + 2*i**2 + 0*i - 3 - 2*i**2 + 29*i - 32*i. Give h(-7).
-31
Let x(p) be the first derivative of -p**4/4 + 5*p**3/3 + p**2/2 + 3. Suppose 0 = -2*o + 50 - 0. Suppose -50*r + 125 = -o*r. Calculate x(r).
5
Let h(r) = r**2 + 3*r. Let x(u) = 4*u**3 - 32*u**2 + 3*u - 2. Let n be x(8). Suppose 0 = -2*j + 13*j - n. Give h(j).
10
Let d(v) = v - 11 - 2*v + 2*v. Let x = 62 - 104. Let k = 47 + x. What is d(k)?
-6
Let i(j) = 77*j - 83. Let r be i(27). Let g(f) = f**2 - f + 4*f + r - 1998. What is g(-6)?
16
Let p(b) be the secon